 factor of 298 and 2533.
149
What is the greatest common factor of 966 and 552?
138
What is the greatest common factor of 9 and 27?
9
Calculate the highest common divisor of 196 and 112.
28
What is the greatest common factor of 35789 and 39?
13
Calculate the highest common factor of 190 and 152.
38
What is the greatest common divisor of 672 and 21?
21
Calculate the greatest common divisor of 5 and 265.
5
Calculate the highest common divisor of 936 and 216.
72
Calculate the highest common divisor of 12680 and 16.
8
Calculate the greatest common factor of 34 and 4.
2
What is the greatest common factor of 30 and 180?
30
What is the greatest common factor of 1 and 23?
1
What is the highest common factor of 32 and 296?
8
Calculate the highest common divisor of 3836 and 56.
28
Calculate the greatest common divisor of 1020 and 4.
4
What is the highest common divisor of 8 and 14?
2
Calculate the highest common factor of 6128 and 16.
16
Calculate the highest common factor of 979 and 178.
89
Calculate the greatest common divisor of 2142 and 112.
14
Calculate the greatest common factor of 11 and 3487.
11
What is the highest common factor of 4 and 328?
4
Calculate the highest common divisor of 7339 and 537.
179
Calculate the highest common divisor of 575 and 46.
23
What is the greatest common divisor of 3876 and 187?
17
Calculate the highest common divisor of 33 and 1419.
33
Calculate the highest common divisor of 16 and 50.
2
What is the highest common divisor of 221 and 391?
17
Calculate the greatest common factor of 1175 and 50.
25
What is the highest common divisor of 2611 and 7?
7
Calculate the greatest common factor of 7268 and 158.
158
What is the greatest common divisor of 11139 and 141?
141
What is the highest common factor of 86 and 473?
43
What is the greatest common divisor of 88 and 748?
44
What is the greatest common factor of 36 and 10080?
36
What is the greatest common factor of 10 and 16120?
10
Calculate the highest common factor of 1089 and 9.
9
What is the greatest common factor of 252 and 16?
4
Calculate the highest common divisor of 412 and 3502.
206
What is the greatest common divisor of 1 and 863?
1
Calculate the greatest common divisor of 336 and 1610.
14
Calculate the highest common divisor of 340 and 765.
85
What is the greatest common factor of 12 and 1038?
6
What is the greatest common divisor of 2 and 764?
2
What is the highest common divisor of 6800 and 119?
17
Calculate the greatest common divisor of 8 and 596.
4
Calculate the highest common divisor of 90 and 2070.
90
What is the greatest common factor of 13 and 11024?
13
Calculate the highest common divisor of 306 and 54.
18
Calculate the greatest common factor of 93 and 527.
31
Calculate the greatest common factor of 79 and 43608.
79
What is the greatest common factor of 2715 and 15?
15
What is the greatest common divisor of 54830 and 10?
10
What is the greatest common factor of 21 and 77?
7
Calculate the highest common factor of 77 and 11.
11
Calculate the greatest common divisor of 7 and 43.
1
What is the highest common factor of 884 and 1564?
68
Calculate the greatest common divisor of 516 and 12.
12
What is the greatest common factor of 1037 and 153?
17
What is the highest common factor of 310 and 558?
62
Calculate the greatest common divisor of 198 and 66.
66
What is the greatest common divisor of 45 and 10275?
15
What is the highest common divisor of 26 and 182?
26
What is the highest common factor of 288 and 64?
32
What is the greatest common factor of 3315 and 39?
39
Calculate the greatest common divisor of 83473 and 13.
13
Calculate the greatest common factor of 8437 and 13.
13
What is the greatest common divisor of 424 and 48?
8
What is the highest common factor of 6210 and 966?
138
What is the highest common divisor of 180 and 10?
10
Calculate the greatest common divisor of 68 and 51.
17
Calculate the highest common divisor of 1685 and 2.
1
What is the highest common divisor of 403 and 13?
13
What is the greatest common factor of 256 and 16832?
64
What is the greatest common factor of 290 and 1595?
145
What is the highest common factor of 1640 and 220?
20
What is the highest common factor of 240 and 660?
60
What is the highest common factor of 376 and 16?
8
Calculate the highest common factor of 11628 and 34.
34
What is the highest common factor of 1978 and 92?
46
What is the greatest common factor of 7 and 3?
1
Calculate the greatest common factor of 69 and 5037.
69
What is the highest common factor of 1886 and 92?
46
Calculate the highest common divisor of 5013 and 18.
9
What is the highest common factor of 376 and 1692?
188
What is the greatest common divisor of 2604 and 672?
84
Calculate the highest common divisor of 432 and 16.
16
What is the highest common factor of 175 and 14?
7
What is the greatest common factor of 2646 and 98?
98
Calculate the greatest common factor of 442 and 102.
34
Calculate the highest common divisor of 5510 and 20.
10
What is the highest common factor of 63 and 84?
21
What is the greatest common divisor of 15915 and 15?
15
Calculate the highest common factor of 6266 and 104.
26
Calculate the greatest common factor of 34 and 306.
34
Calculate the greatest common factor of 58546 and 146.
146
What is the highest common factor of 400 and 528?
16
What is the highest common divisor of 12168 and 216?
72
What is the highest common factor of 85 and 64345?
85
What is the greatest common divisor of 1404 and 54?
54
Calculate the highest common divisor of 238 and 34.
34
Calculate the highest common factor of 64 and 440.
8
What is the greatest common divisor of 171 and 551?
19
Calculate the greatest common factor of 25 and 1175.
25
What is the highest common divisor of 244 and 4?
4
What is the highest common divisor of 60 and 1300?
20
What is the greatest common factor of 4704 and 21?
21
Calculate the greatest common factor of 1640 and 451.
41
What is the greatest common factor of 1022 and 3796?
146
What is the highest common factor of 90 and 4905?
45
What is the highest common factor of 4914 and 1820?
182
Calculate the greatest common factor of 2730 and 90.
30
Calculate the highest common divisor of 42 and 1734.
6
What is the greatest common divisor of 22 and 6?
2
What is the greatest common divisor of 299 and 30199?
299
What is the highest common factor of 8 and 1048?
8
What is the highest common divisor of 4730 and 110?
110
What is the highest common divisor of 1267 and 35?
7
Calculate the highest common divisor of 305 and 8479.
61
What is the highest common factor of 11 and 913?
11
What is the highest common factor of 2152 and 14?
2
Calculate the greatest common factor of 780 and 36.
12
What is the greatest common factor of 19414 and 102?
34
What is the highest common divisor of 966 and 598?
46
What is the highest common divisor of 31 and 13051?
31
What is the highest common factor of 70 and 448?
14
What is the highest common factor of 16 and 5072?
16
Calculate the highest common factor of 6138 and 33.
33
What is the greatest common divisor of 522 and 2958?
174
What is the highest common divisor of 10 and 15?
5
What is the highest common divisor of 304 and 80?
16
Calculate the greatest common factor of 351 and 13.
13
What is the highest common divisor of 275 and 88?
11
What is the highest common factor of 654 and 1744?
218
Calculate the greatest common factor of 1328 and 64.
16
What is the highest common divisor of 75 and 4065?
15
Calculate the greatest common divisor of 155 and 5735.
155
Calculate the highest common factor of 10 and 590.
10
What is the highest common divisor of 20 and 130?
10
Calculate the greatest common divisor of 2232 and 360.
72
What is the greatest common divisor of 132 and 176?
44
What is the greatest common factor of 2133 and 79?
79
Calculate the greatest common divisor of 42 and 266.
14
Calculate the greatest common factor of 328 and 902.
82
What is the greatest common divisor of 42 and 76?
2
What is the greatest common divisor of 26 and 1209?
13
Calculate the highest common factor of 590 and 70.
10
Calculate the greatest common divisor of 141 and 2961.
141
What is the greatest common factor of 36 and 684?
36
Calculate the greatest common divisor of 128 and 464.
16
What is the greatest common divisor of 188 and